 + 4. Give g(-13).
-61
Let z(k) = -k**3 - 12*k**2 - 14*k - 5. Calculate z(-11).
28
Let p(m) = 7*m - 181. What is p(15)?
-76
Let j(k) = 2*k**2 + 33*k - 15. What is j(-17)?
2
Let m(d) = d**2 - d - 26. What is m(0)?
-26
Let s(l) = 73*l**2 - 2*l - 2. Give s(-1).
73
Let o(r) = -2*r**2 + 2*r - 2. Give o(3).
-14
Let t(p) = -p - 12. What is t(-8)?
-4
Let f(j) = j**3 - 2*j**2 + 3*j - 2. Calculate f(1).
0
Let f(b) = b**3 - 10*b**2 + 2*b + 6. Calculate f(9).
-57
Let o(n) = -5*n**3 - 106*n**2 - 20*n + 19. Determine o(-21).
-2
Let m(l) = l**3 + 7*l**2 + 22*l + 29. What is m(-3)?
-1
Let i(g) = -12*g**2 + 3*g - 3. Determine i(1).
-12
Let k(i) = -i**2 - 4*i + 17. Determine k(-6).
5
Let d(z) = -8*z - 158. What is d(-21)?
10
Let t(n) = n**3 - 8*n**2 + 4*n + 17. What is t(7)?
-4
Let x(f) = -8*f**3 + 3*f + 2. Determine x(-1).
7
Let n(l) = 13*l**3 + 3*l**2 + 3*l + 1. Give n(-2).
-97
Let t(d) = -5*d**2 - 35*d + 8. What is t(-8)?
-32
Let h(v) = v**2 - 29*v - 18. Calculate h(27).
-72
Let f(b) = 3*b**2 - 3*b - 10. What is f(5)?
50
Let d(u) = u**2 + 24*u + 11. Calculate d(-21).
-52
Let s(h) = h**3 + 3*h**2 - 5*h - 5. Determine s(-2).
9
Let u(t) = -t**2 + 17*t - 58. Determine u(11).
8
Let r(p) = -p - 12. Give r(-12).
0
Let h(i) = i**3 - 13*i**2 + 22*i + 5. Give h(11).
5
Let v(i) = i**3 - 14*i**2 - i + 19. Calculate v(14).
5
Let w(r) = 3*r**3 - 3*r**2 + 2*r. Give w(2).
16
Let r(w) = w**3 + 3*w**2 - 3*w + 8. What is r(-4)?
4
Let b(d) = -27*d + 6. Determine b(0).
6
Let l(y) = 2*y**3 + y**2 - 9*y - 5. Calculate l(-3).
-23
Let n(i) = 2*i - 4. Determine n(7).
10
Let z(i) = -i**2 + 13*i + 39. Determine z(11).
61
Let z(w) = -w**2 + 5*w + 11. Calculate z(6).
5
Let c(s) = -3*s + 14. What is c(6)?
-4
Let u(q) = -20*q - 195. Determine u(-12).
45
Let t(j) = j**2 - 10*j + 10. Give t(8).
-6
Let d(v) = -v**2 + 7*v + 11. Give d(7).
11
Let t(o) = 5*o - 5. What is t(2)?
5
Let d(l) = -2*l**3 + 6*l**2 - 3*l + 3. What is d(4)?
-41
Let d(z) = z**3 + 3*z**2 - 7*z - 6. What is d(-6)?
-72
Let i(a) = -a**3 + 11*a**2 + 27*a - 4. Give i(13).
9
Let m(s) = -s**3 - 6*s**2 - 2*s + 5. What is m(-5)?
-10
Let v(s) = s**3 - 8*s**2 - 9*s. What is v(9)?
0
Let l(w) = -6*w + 11. Give l(3).
-7
Let q(f) = 33*f - 1. Calculate q(1).
32
Let b(o) = o**2 + 9*o - 6. Give b(-10).
4
Let f(u) = u**3 - 13*u**2 + 28*u - 14. Determine f(6).
-98
Let q(y) = 13*y - 335. Give q(26).
3
Let v(m) = 2*m**2 + 6*m - 5. Give v(-4).
3
Let n(s) = 14*s + 417. What is n(-29)?
11
Let v(d) = -d**2 + 7*d + 5. What is v(6)?
11
Let w(h) = h**3 + 12*h**2 + 16*h - 6. Determine w(-9).
93
Let q(c) = 2*c - 14. Determine q(6).
-2
Let a(r) = -2*r - 6. Determine a(-4).
2
Let t(j) = 2*j**2 + 7*j + 9. Give t(-4).
13
Let j(b) = 9*b + 153. What is j(-17)?
0
Let k(m) = m**3 + m**2 - 3*m + 2. What is k(2)?
8
Let o(x) = 2*x**2 + 8*x + 9. Determine o(-4).
9
Let t(i) = -2*i**2 - 7*i + 15. What is t(-8)?
-57
Let o(x) = -x**3 - x**2 + x - 57. What is o(0)?
-57
Let q(v) = v**3 - 6*v**2 - 5*v - 6. What is q(6)?
-36
Let h(y) = -y**2 + 11*y - 7. Determine h(13).
-33
Let c(n) = -3*n - 9. Calculate c(-6).
9
Let l(j) = 2*j**3 + 7*j**2 + 4*j. Calculate l(-3).
-3
Let m(n) = 7*n - 2. Give m(-16).
-114
Let a(t) = -t**3 - 19*t**2 - 17*t - 11. Determine a(-18).
-29
Let c(y) = y**2 - 4*y - 1. What is c(2)?
-5
Let f(d) = -2*d**2 + 12*d - 45. Calculate f(4).
-29
Let u(o) = 2*o**3 + 48*o**2 + 6*o + 146. Determine u(-24).
2
Let g(d) = d**2 + 9*d + 12. Calculate g(-6).
-6
Let k(i) = i**2 + 6*i - 3. What is k(-6)?
-3
Let g(j) = 19*j - 2. Calculate g(1).
17
Let n(w) = 16*w + 168. Calculate n(-11).
-8
Let d(i) = i**3 + 26*i**2 - i - 35. Determine d(-26).
-9
Let b(a) = -2*a**2 - 19*a + 14. What is b(-10)?
4
Let w(b) = b**3 - 4*b**2 + 3*b - 4. Determine w(3).
-4
Let c(f) = -13*f + 336. Determine c(26).
-2
Let h(p) = -p**2 + 5. What is h(-4)?
-11
Let s(y) = -y - 3. Calculate s(-11).
8
Let y(n) = -2*n**2 + n + 11. Calculate y(0).
11
Let q(p) = -p**3 + 17*p**2 + 21*p - 54. Calculate q(18).
0
Let n(d) = -d**2 + 3*d + 27. What is n(8)?
-13
Let a(o) = -o**3 - 19*o**2 - 86*o. Give a(-8).
-16
Let d(z) = 12*z + 27. Give d(-2).
3
Let n(m) = 2*m**2 - 7*m + 6. Determine n(3).
3
Let v(p) = p - 6. Calculate v(6).
0
Let h(i) = i**2 + 9*i + 15. What is h(-9)?
15
Let x(h) = 15*h**3 - h**2 - 4*h - 2. Determine x(-1).
-14
Let a(m) = -m**3 + 8*m**2 - m + 10. What is a(8)?
2
Let u(a) = -a**2 - 32*a - 28. Give u(-31).
3
Let n(t) = 6*t**2 - 63*t - 23. Determine n(11).
10
Let m(b) = -13*b + 266. Give m(19).
19
Let r(i) = -3*i - 41. Give r(8).
-65
Let f(s) = 21*s - 186. Determine f(9).
3
Let c(z) = 13*z - 43. Determine c(4).
9
Let o(f) = -5*f - 27. Determine o(8).
-67
Let f(l) = -4*l**3 - 56*l**2 - l + 3. Give f(-14).
17
Let m(a) = a**3 + a**2 - 2*a + 4. What is m(-2)?
4
Let v(f) = f**2 - 9*f - 33. Determine v(-3).
3
Let v(g) = g**2 + 15*g + 22. What is v(-14)?
8
Let j(g) = -2*g**3 + 2*g**2 + 2*g - 4. Determine j(2).
-8
Let n(h) = -60*h - 477. What is n(-8)?
3
Let w(g) = g**3 + 5*g**2 + 7*g + 8. What is w(-4)?
-4
Let r(x) = x**2 - 8*x + 8. Give r(3).
-7
Let d(k) = k**3 - 9*k**2 - 12. Give d(5).
-112
Let t(s) = s**3 - s + 15. Give t(0).
15
Let l(d) = -4*d**3 - d**2 - d - 1. Give l(-1).
3
Let c(x) = -x + 29. Give c(-8).
37
Let g(x) = 2*x + 2. Give g(2).
6
Let b(k) = -k**2 - k + 5. Calculate b(4).
-15
Let m(g) = -g**3 - 3*g**2 + 7*g + 5. Calculate m(-5).
20
Let z(o) = o**3 - 11*o**2 - 42*o - 5. Determine z(14).
-5
Let k(c) = c**3 - 5*c**2 + 31*c - 220. Determine k(6).
2
Let t(r) = -4*r + 62. What is t(18)?
-10
Let y(w) = w**2 + 5*w - 4. Determine y(1).
2
Let y(l) = l**2 - 6*l - 9. Determine y(9).
18
Let w(j) = j**2 + 7*j + 24. Determine w(-4).
12
Let z(d) = -d**3 - 5*d**2 - 6*d - 5. Give z(-3).
-5
Let k(h) = 4*h + 21. Determine k(5).
41
Let h(j) = 5*j - 16. Determine h(4).
4
Let m(i) = -8*i + 3. Calculate m(-5).
43
Let d(q) = -15*q + 2. Calculate d(3).
-43
Let l(s) = -s**3 + s**2 + 4*s + 1. Calculate l(2).
5
Let p(o) = 2*o**2 - 57. What is p(0)?
-57
Let u(m) = -13*m - 3. Determine u(-2).
23
Let q(s) = 8*s. Give q(2).
16
Let z(p) = p**3 - 4*p - 4. What is z(-3)?
-19
Let o(h) = 8*h**2 - 3*h. Give o(2).
26
Let n(b) = b**2 + 19*b + 2. What is n(-19)?
2
Let v(b) = -3*b + 10. Determine v(-4).
22
Let v(z) = -3*z**3 + z**2 - 5*z - 6. Calculate v(-3).
99
Let x(a) = -2*a**2 - 3*a - 1. Give x(-4).
-21
Let m(j) = j**3 + 11*j**2 + 11*j - 7. What is m(-9)?
56
Let x(l) = -5*l - 7. Calculate x(-5).
18
Let b(f) = -f**2 - 11*f + 3. Determine b(-8).
27
Let k(r) = r + 84. What is k(-29)?
55
Let f(q) = -q**2 + 4*q + 6. Calculate f(5).
1
Let h(c) = c**2 + 2*c. Calculate h(-3).
3
Let f(v) = -2*v**2 - v + 41. What is f(0)?
41
Let z(p) = -2*p**2 - 6*p + 1. What is z(-6)?
-35
Let z(f) = -6*f + 14. What is z(10)?
-46
Let u(y) = 136*y**2 - y - 3. Determine u(-1).
134
Let n(o) = -9*o - 11. Give n(-5).
34
Let d(q) = -q**3 - q**2 + 4*q + 4. What is d(-3)?
10
Let y(r) = -8*r**3 - r**2 - r + 2. What is y(2)?
-68
Let n(l) = 4*l - 106. Calculate n(27).
2
Let d(q) = -q - 11. What is d(-5)?
-6
Let m(i) = -i**2 + 16*i + 5. Give m(11).
60
Let p(n) = -n**3 - 6*n**2 + 9*n + 13. What is p(-7)?
-1
Let f(y) = 2*y**3 - 2*y**2 - 2*y - 3. Calculate f(3).
27
Let x(g) = -4*g**2 - 13*g. Determine x(-5).
-35
Let z(p) = 6*p - 5. Give z(2).
7
Let s(z) = -5*z - 53. Give s(-13).
12
Let t(k) = -2*k**2 - 10*k + 25. Determine t(-7).
-3
Let k(u) = u**2 - 8*u. Determine k(9).
9
Let o(a) = a**2 - 9*a + 1. Give o(8).
-7
Let n(h) = -5*h**3 + h**2 + 3*h + 6. Calculate n(3).
-111
Let q(a) = 2*a**3 - 3*a**2 - 2*a + 1. Determine q(3).
22
Let o(m) = m + 4. Determine o(-9).
-5
Let i(o) = -5*o**2 + 6*o - 3. Calculate i(3).
-30
Let n(j) = -j - 2. What is n(12)?
-14
Let w(z) = -z**3 + 6*z**2 - 2*z - 5. Determine w(5).
10
Let n(o) = o**2 - o. Determine n(3).
6
Let h(y) = -y**3 + 4*y**2 - 24*y + 57. Calculate h(3).
-6
Let l(o) = o**3 + o**2 - 3*o - 40. What is l(0)?
-40
Let a(z) = 2*z**3 - z**2 - z + 5. Calculate a(0).
5
Let z(v) = -v**2 + 2. Give z(5).
-23
Let u(j) = -j - 16. Give u(-2).
-14
Let c(f) = 2*f**3 - 51*f**2 - 21*f - 50. Calculate c(26).
80
Let d(l) = 32*l + 158. Determine d(-5).
-2
Let v(y) = -3*y**2 + 7*y + 21. Give v(4).
1
Let r(l) = l**3 - 5*l**2. Give r(5).
0
Let a(t) = -2*t**2 - 13*t + 2. Give a(-7).
-5
Let w(f) = -f**2 - 14*f - 5. Calculate w(-13).
8
Let i(d) = 